Does 30 divide 5532823605?
False
Is 91 a factor of 219872744?
True
Does 38 divide 93882154?
True
Does 4 divide 84375168?
True
Is 1726073347 a multiple of 11?
False
Is 1137974780 a multiple of 5230?
True
Is 1962682 a multiple of 147?
False
Is 56136987 a multiple of 157?
False
Is 5087406506 a multiple of 742?
True
Is 25 a factor of 419542400?
True
Does 9 divide 11697317?
False
Is 96081710 a multiple of 1891?
True
Does 62 divide 203917132?
True
Is 42331016 a multiple of 182?
True
Is 2526474852 a multiple of 14487?
True
Does 139 divide 551062442?
True
Is 524077871 a multiple of 927?
False
Does 559 divide 518214399?
False
Is 305 a factor of 197593640?
True
Is 173133108 a multiple of 131?
False
Is 74 a factor of 573071022?
True
Does 304 divide 1075145552?
True
Is 1285088207 a multiple of 7?
False
Is 874 a factor of 50040139?
False
Is 7 a factor of 925330000?
True
Does 7080 divide 2006272135?
False
Does 66 divide 83579633?
False
Does 15 divide 310249410?
True
Is 2316 a factor of 620977500?
True
Is 24 a factor of 1063456512?
True
Is 65 a factor of 847474884?
False
Is 26 a factor of 63864270?
False
Is 101747580 a multiple of 660?
True
Does 1641 divide 1461758061?
False
Is 3318 a factor of 319672710?
True
Is 227 a factor of 56993571?
True
Does 46 divide 262934390?
True
Does 96 divide 1509943872?
True
Does 21 divide 78096021?
False
Is 14 a factor of 250351013?
False
Is 275514795 a multiple of 16?
False
Is 60265293 a multiple of 301?
False
Is 23041262 a multiple of 81?
False
Is 1433 a factor of 136739715?
False
Is 483945537 even?
False
Does 23 divide 52878955?
True
Is 8347290 a multiple of 146?
False
Does 14 divide 187472978?
True
Is 9 a factor of 22221909?
True
Is 435 a factor of 134745515?
False
Does 285 divide 8621352?
False
Does 6442 divide 2105310020?
True
Is 2021013243 a multiple of 25?
False
Is 688 a factor of 217764384?
True
Does 2169 divide 3485895334?
False
Is 10042039 a multiple of 30?
False
Is 179878740 a multiple of 1860?
True
Does 1370 divide 1781867210?
True
Is 66069 a multiple of 555?
False
Does 149 divide 256052604?
False
Is 10 a factor of 56028238?
False
Is 4822 a factor of 332310478?
False
Is 163 a factor of 9685323?
False
Is 1666 a factor of 471469670?
True
Is 17 a factor of 42620598?
True
Is 18 a factor of 318098721?
False
Is 142285745 a multiple of 1361?
True
Is 4195 a factor of 30229170?
True
Is 8 a factor of 371024?
True
Is 2433098 a multiple of 105?
False
Does 590 divide 270024120?
True
Is 120 a factor of 271360645?
False
Is 72966 even?
True
Is 378915208 a multiple of 5549?
False
Does 46 divide 630008410?
True
Does 5943 divide 102702957?
False
Is 1409375 a multiple of 10?
False
Is 76 a factor of 19566124?
True
Is 18658653 a multiple of 12?
False
Is 1005 a factor of 1148065279?
False
Is 106 a factor of 1712410602?
True
Is 5575895 a multiple of 1417?
True
Is 207025511 a multiple of 4439?
False
Does 17 divide 40222289?
True
Is 58663110 a multiple of 1965?
True
Is 38910391 a multiple of 89?
False
Does 559 divide 64825553?
True
Does 34 divide 2442574620?
True
Is 28176204 a multiple of 84?
True
Is 69427061 a multiple of 222?
False
Is 439584368 a multiple of 11?
False
Is 360545376 a multiple of 96?
True
Is 95138064 a multiple of 36?
True
Is 2519 a factor of 1047168452?
True
Is 98956688 a multiple of 59?
True
Is 8518693 a multiple of 116?
False
Is 15506248 a multiple of 4?
True
Is 31 a factor of 82776226?
False
Is 6406 a factor of 2733774179?
False
Is 4 a factor of 249534328?
True
Does 488 divide 176305616?
True
Is 4594720 a multiple of 235?
True
Does 1118 divide 3594319690?
True
Does 61 divide 86554608?
True
Is 420 a factor of 33320700?
True
Does 28 divide 841455378?
False
Does 236 divide 203114551?
False
Is 18183736 a multiple of 94?
True
Is 302 a factor of 122609886?
True
Is 2819191826 a multiple of 99?
False
Does 934 divide 16105952?
False
Is 22 a factor of 15152119?
False
Does 6 divide 21934355?
False
Is 33010360 a multiple of 10?
True
Is 516514482 a multiple of 81?
True
Is 5 a factor of 10186890?
True
Is 34 a factor of 15701884?
False
Does 1868 divide 198674971?
False
Does 14 divide 3251387048?
True
Does 251 divide 7441899?
True
Is 1158069458 a multiple of 169?
True
Is 1483514065 a multiple of 5065?
False
Is 20 a factor of 50913820?
True
Is 2203 a factor of 2599315294?
True
Does 1886 divide 20695078?
True
Does 1686 divide 14786220?
True
Does 16 divide 5077731776?
True
Is 7 a factor of 1461710?
False
Is 51650760 a multiple of 60?
True
Is 159133635 a multiple of 45?
True
Does 31 divide 657506621?
True
Does 39 divide 27602179?
False
Is 947 a factor of 36798011?
False
Is 59942576 a multiple of 848?
True
Is 5 a factor of 9949140?
True
Is 12 a factor of 25266779?
False
Does 26 divide 3575857220?
True
Does 281 divide 1012646444?
True
Is 2719 a factor of 131368485?
True
Is 344 a factor of 59512?
True
Is 313461148 a multiple of 9?
False
Is 102851190 a multiple of 51?
True
Is 365737690 a multiple of 446?
False
Is 8779820 a multiple of 20?
True
Is 26 a factor of 123085256?
False
Is 69730730 a multiple of 10?
True
Is 13220996 a multiple of 21?
False
Is 14 a factor of 65003899?
False
Does 140 divide 1674634740?
False
Is 293539881 a multiple of 63?
False
Does 30 divide 53150678?
False
Is 304 a factor of 151515120?
True
Does 528 divide 704750114?
False
Does 78 divide 775914984?
True
Does 135 divide 4611438810?
True
Is 949 a factor of 577836610?
True
Is 28 a factor of 11052432?
False
Is 177 a factor of 1462567895?
False
Is 396128604 a multiple of 1194?
True
Is 56 a factor of 19076870?
False
Does 16 divide 21851744?
True
Is 89 a factor of 231209766?
False
Is 1164363915 a multiple of 407?
True
Does 8 divide 48622854?
False
Is 17776288 a multiple of 465?
False
Does 267 divide 435463742?
False
Does 8051 divide 924842523?
True
Does 39 divide 10375622?
False
Does 662 divide 40360671?
False
Does 8 divide 564536264?
True
Does 6 divide 325681071?
False
Does 1174 divide 21675562?
True
Does 153 divide 9397449?
False
Does 202 divide 100006766?
True
Does 283 divide 27316715?
False
Does 408 divide 3388826611?
False
Is 788 a factor of 1209770257?
False
Does 25 divide 234482150?
True
Is 113142301 a multiple of 1494?
False
Is 453 a factor of 72120318?
True
Is 92082923 even?
False
Does 1502 divide 313635056?
False
Is 101 a factor of 8769913?
False
Is 24930928 a multiple of 133?
False
Is 50 a factor of 2820478448?
False
Does 1802 divide 481552064?
True
Does 783 divide 6568587?
True
Is 194121733 a multiple of 269?
False
Is 397125640 a multiple of 172?
True
Is 65784362 a multiple of 98?
True
Is 292832076 a multiple of 379?
True
Is 66 a factor of 3476707?
False
Is 564 a factor of 175661550?
False
Is 58 a factor of 363126690?
True
Does 4216 divide 27122799?
False
Is 534 a factor of 109233972?
True
Is 6454220 a multiple of 2315?
True
Does 13 divide 268385130?
True
Does 301 divide 1855603869?
False
Is 360153261 a multiple of 113?
True
Is 32943585 a multiple of 585?
False
Is 649 a factor of 6170586?
False
Does 456 divide 141119868?
False
Is 2136 a factor of 341849712?
True
Is 27863783 a multiple of 167?
True
Does 905 divide 58182450?
True
Does 30 divide 1708309770?
True
Does 131 divide 94623920?
True
Is 142871196 a multiple of 78?
True
Is 25 a factor of 690777100?
True
Is 2434 a factor of 132947514?
True
Does 2639 divide 66365572?
True
Is 22 a factor of 69700378?
True
Is 5 a factor of 1586434?
False
Does 38 divide 2933270694?
False
Does 1328 divide 140242270?
False
Is 34 a factor of 7590099568?
False
Is 180 a factor of 32394240?
True
Does 515 divide 46176506?
False
Is 1739 a factor of 21358398?
True
Is 58 a factor of 114645178?
True
Does 3645 divide 42012270?
True
Is 38 a factor of 1053362626?
False
Is 522846726 a multiple of 130?
False
Is 189097369 a multiple of 2?
False
Does 12 divide 451535736?
True
Is 318074476 a multiple of 378?
False
Is 2 a factor of 157601563?
False
Does 109 divide 57471776?
True
Is 86298872 a multiple of 319?
False
Is 68268770 a multiple of 23?
False
Is 401 a factor of 276430553?
True
Does 203 divide 3187330638?
False
Does 13 divide 1779128065?
True
Is 96 a factor of 181279?
False
Does 12 divide 689262111?
False
Is 617295095 a multiple of 9?
False
Does 124 divide 620123628?
True
Is 8525074 a multiple of 1091?
True
Is 555102033 a multiple of 22?